umber?
True
Is 556712273 a prime number?
False
Is 3812949389 a prime number?
True
Is 2239434377 prime?
False
Is 871113209 a prime number?
True
Is 717942737 a prime number?
False
Is 43968707 composite?
False
Is 70501675238 composite?
True
Is 391870091 a prime number?
True
Is 206927633 composite?
True
Is 8804321 a composite number?
False
Is 50551272071 prime?
True
Is 1692824491 prime?
False
Is 375225503 prime?
True
Is 64175109511 a prime number?
False
Is 3079531703 prime?
True
Is 1053948719 a composite number?
False
Is 49798842799 a prime number?
False
Is 36111801617 composite?
True
Is 191893241 prime?
False
Is 3196700533 a composite number?
True
Is 155231887 prime?
True
Is 18843341359 composite?
False
Is 991972447 prime?
True
Is 356171567 composite?
True
Is 12663486349 composite?
True
Is 58180439 prime?
False
Is 1166531371 composite?
True
Is 26710440433 a prime number?
False
Is 12483286537 a composite number?
False
Is 280927063 a prime number?
True
Is 211465909 composite?
True
Is 20754059311 prime?
True
Is 5389686401 composite?
True
Is 33177307 a composite number?
True
Is 8530555133 composite?
True
Is 5200291081 a composite number?
True
Is 688028735 composite?
True
Is 59251604855 composite?
True
Is 26085364589 composite?
True
Is 625335413 composite?
False
Is 3526638113 a prime number?
True
Is 773849959 composite?
True
Is 1558284629 a prime number?
False
Is 332464807 a prime number?
True
Is 88236433 prime?
False
Is 4018001711 a composite number?
True
Is 131699362 prime?
False
Is 19442840077 prime?
False
Is 8246533013 composite?
False
Is 1404052753 composite?
True
Is 11710364833 composite?
False
Is 32922939373 a prime number?
True
Is 8149964763 a prime number?
False
Is 5483057113 composite?
False
Is 5989797049 a prime number?
False
Is 17024894779 a prime number?
True
Is 5198596211 prime?
False
Is 1079964037 a composite number?
False
Is 1180771073 a composite number?
False
Is 8013526723 composite?
True
Is 41087635867 a prime number?
True
Is 51757356949 composite?
False
Is 200935699469 a composite number?
False
Is 4712552993 a prime number?
True
Is 185781508613 prime?
False
Is 2626837271 prime?
False
Is 856565561 a prime number?
False
Is 51683331001 a composite number?
False
Is 3915880967 composite?
True
Is 14304011329 a prime number?
False
Is 8795500957 a composite number?
True
Is 70266597 a prime number?
False
Is 89138237 composite?
True
Is 10871653843 composite?
True
Is 11638529921 prime?
False
Is 7223108483 a prime number?
False
Is 2752112687 composite?
True
Is 12553438849 prime?
False
Is 400075493 composite?
False
Is 8694407461 composite?
True
Is 33759701569 prime?
False
Is 140302469 a composite number?
False
Is 100828189163 a composite number?
True
Is 3962160151 a prime number?
True
Is 2323287019 prime?
False
Is 250970957 composite?
True
Is 80085643 a prime number?
False
Is 65231545031 a prime number?
True
Is 140570231551 composite?
False
Is 5877426131 a prime number?
True
Is 49275791 prime?
True
Is 1893656521 a prime number?
False
Is 9278301091 prime?
False
Is 1740122441 a composite number?
False
Is 426168647 a prime number?
False
Is 368120843 prime?
True
Is 13172673089 prime?
True
Is 10517135665 a composite number?
True
Is 6318384757 a composite number?
True
Is 786493333 prime?
True
Is 10825785998 a prime number?
False
Is 23423667721 a composite number?
False
Is 27116500682 a composite number?
True
Is 4471013465 a composite number?
True
Is 22694347367 a composite number?
False
Is 1263764939 composite?
True
Is 6839801929 a composite number?
True
Is 1278100841 a composite number?
False
Is 49911230221 a composite number?
True
Is 61831241 prime?
True
Is 5375752397 prime?
True
Is 730265333 a composite number?
True
Is 12007813 a prime number?
True
Is 2791484299 a prime number?
False
Is 124823663 a composite number?
False
Is 19607556029 a prime number?
False
Is 760650361 composite?
True
Is 4328699185 a composite number?
True
Is 164142553 a prime number?
False
Is 1554078193 a prime number?
True
Is 27160102403 prime?
False
Is 54794503 prime?
True
Is 5960249059 a composite number?
True
Is 150546223 prime?
True
Is 293659711 composite?
False
Is 2316065153 composite?
False
Is 668387347 a prime number?
False
Is 3419910317 a prime number?
True
Is 967976729 composite?
True
Is 36588744721 a prime number?
True
Is 13380063589 a prime number?
False
Is 13253062993 composite?
True
Is 512623159 composite?
False
Is 53542631 composite?
False
Is 2175249101 a composite number?
True
Is 4746700219 a prime number?
False
Is 1379302679 a prime number?
True
Is 133960642513 a prime number?
False
Is 180576401 composite?
False
Is 1215950641 prime?
True
Is 1268878547 a composite number?
True
Is 6922442819 composite?
True
Is 13474807078 a prime number?
False
Is 1664925811 a prime number?
False
Is 36722013971 prime?
False
Is 3532203694 a prime number?
False
Is 2070802087 composite?
False
Is 12506141023 composite?
False
Is 4267618907 a prime number?
False
Is 3860885813 prime?
False
Is 3846150337 prime?
True
Is 5063326073 composite?
True
Is 1758990889 composite?
False
Is 73507130491 composite?
True
Is 3947796077 composite?
False
Is 6525965513 a composite number?
True
Is 2152150271 composite?
True
Is 90287642069 a prime number?
False
Is 897513863 a prime number?
True
Is 14085559069 a composite number?
False
Is 12157727567 prime?
False
Is 21151665541 a composite number?
True
Is 20700427127 a composite number?
False
Is 18052811443 prime?
False
Is 43740344587 prime?
False
Is 27337873 composite?
True
Is 9309367411 composite?
False
Is 84363887 a prime number?
True
Is 590075911 a prime number?
False
Is 105012387167 a prime number?
True
Is 783943829 a composite number?
True
Is 30873264871 prime?
False
Is 146770063 a composite number?
True
Is 3710308447 prime?
True
Is 77992703879 prime?
True
Is 1398182363 prime?
True
Is 281720287 composite?
False
Is 53799703 a composite number?
True
Is 8413616063 prime?
True
Is 6594667 a composite number?
True
Is 1867844137 a composite number?
False
Is 25239917719 a prime number?
False
Is 252346813 prime?
False
Is 5565114487 a prime number?
True
Is 1518067123 composite?
True
Is 233089817 a prime number?
True
Is 19043987153 a prime number?
True
Is 1737128633 a composite number?
True
Is 2312333435 composite?
True
Is 303083933 composite?
False
Is 20191735633 a prime number?
True
Is 342026731 a prime number?
False
Is 285171941 prime?
True
Is 87282675113 prime?
True
Is 121169522653 a composite number?
True
Is 44690681713 a composite number?
True
Is 8465053741 a composite number?
True
Is 40794209 composite?
False
Is 331740923 a composite number?
False
Is 181488523 prime?
False
Is 145392481 a prime number?
False
Is 3352958673 prime?
False
Is 14480153173 composite?
False
Is 17309548433 composite?
False
Is 112649313131 a composite number?
False
Is 42140792051 a prime number?
True
Is 6818718617 composite?
False
Is 625889321 composite?
False
Is 1694203617 a composite number?
True
Is 6246247817 composite?
False
Is 47317593431 a composite number?
True
Is 3837467317 a composite number?
False
Is 906957501 composite?
True
Is 17500817879 prime?
False
Is 25561868039 composite?
True
Is 1996203929 a prime number?
True
Is 911325361 composite?
False
Is 80540604731 a composite number?
False
Is 7152332501 a prime number?
False
Is 1163270261 a composite number?
False
Is 388039161461 prime?
False
Is 62623551283 a composite number?
True
Is 28273163407 composite?
False
Is 1080854543 a composite number?
True
Is 8531971751 prime?
False
Is 273817282 composite?
True
Is 1774237463 composite?
False
Is 87622314797 composite?
True
Is 795061001 a prime number?
False
Is 2703010238 composite?
True
Is 237632807857 composite?
True
Is 16915333667 prime?
False
Is 11753543303 a prime number?
True
Is 16569186329 composite?
False
Is 25515655411 prime?
False
Is 495224069 composite?
False
Is 5802123 a composite number?
True
Is 2761421141 a prime number?
False
Is 763196221 a composite number?
False
Is 139441243 prime?
True
Is 34234515157 a prime number?
False
Is 6723028787 composite?
True
Is 577515569 a prime number?
True
Is 5859414179 composite?
False
Is 2648992441 a prime number?
False
Is 545486593 a prime number?
True
Is 21044938549 a prime number?
True
Is 71010151763 prime?
False
Is 65148835623 